 i. Let n be 6 + -1 + 0/6 + -1. Let m be o/n + (-16)/64. Calculate the greatest common factor of m and 7.
7
Let z = -118 + 116. Let p be -5*(z - (-4 + 3)). Calculate the highest common factor of p and 2.
1
Let g be (0 + 38/10)/(268/1340). Suppose 0 = -31*w + 28*w + 969. What is the highest common factor of g and w?
19
Suppose 43*r - 3594 - 964 = 0. Suppose -71 = -4*q - 5*a, 13*q - 9*q - 2*a = r. What is the highest common divisor of q and 56?
8
Let l(r) = -r**3 + 19*r**2 - r - 157. Let v be l(16). What is the highest common divisor of 34 and v?
17
Let q be 11 - (-2 - -1 - -7). Let g be ((-12)/10)/(q + 156/(-30)). Calculate the greatest common divisor of 15 and g.
3
Suppose 0 = -0*c + 4*c - 676. Suppose 11*g + 19*g = -24*g + 702. Calculate the highest common factor of c and g.
13
Let x(d) = -d**3 - 32*d**2 - 72*d - 97. Let m be x(-38). Calculate the greatest common divisor of 89 and m.
89
Suppose 1334 = 62*v - 64*v - 2*p, -4*v = -5*p + 2659. Let n = v + 753. Calculate the greatest common factor of n and 58.
29
Let m = 3 + 1. Suppose 4*r - 2 = 3*y, -7*r + 2*y = -5*r. Suppose -8*v = r*i - 4*v + 2, 0 = -5*i - 4*v + 1. What is the highest common divisor of i and m?
1
Let z = -7781 + 7823. Calculate the greatest common divisor of z and 1344.
42
Suppose 5*l - 27 = 8. Suppose d = -v + l, -5*v - d = 3*d - 36. Let t = 23 - 17. What is the greatest common divisor of t and v?
2
Let d be ((-21)/9)/(49/(-42)). Let g(x) = 4*x**2 + 2*x. Let m be g(d). What is the greatest common divisor of m and 540?
20
Let m(o) = 35*o**2 + 4*o + 4. Let g be m(-1). Suppose 29 = 8*b - g. Let x = -16 - -24. What is the greatest common factor of x and b?
8
Let f = 8 + 13. Suppose -45006 = -19*v - 40617. What is the greatest common factor of v and f?
21
Let j(l) = 412*l**3 - 2*l**2 + 5*l - 4. Let c be j(1). Let s = -622 - -351. Let i = c + s. What is the highest common divisor of 56 and i?
28
Suppose 111*q - 110*q - z - 10 = 0, 4*q - 2*z = 28. What is the highest common factor of 984 and q?
4
Let r(h) = -h**2 + 20*h + 14. Let n be (4/3)/(37/555). Let a be r(n). What is the greatest common factor of 490 and a?
14
Suppose 16*g - 152 = -3*g. Suppose 2*i - 4*l - g = 12, 2*i - 22 = 2*l. Calculate the greatest common divisor of 4 and i.
4
Let u be 24 - (5 + -1 + -4). Let q be ((-8)/(-6))/(u/(-396)). Let a = 59 + q. Calculate the greatest common factor of 259 and a.
37
Suppose 115*j = 118*j - 312. What is the greatest common factor of j and 3224?
104
Let b be -1*-10*58/10. Calculate the greatest common divisor of 26 and b.
2
Let s(u) = u**3 - 29*u**2 + 78*u - 395. Let r be s(27). What is the greatest common factor of 2629 and r?
11
Let h(q) = -q**3 + 10*q**2 + 7*q - 8. Let c be h(4). Let o be 36/(-15)*(-3 - c/8). Calculate the greatest common divisor of 147 and o.
21
Let b(u) = -u + 68. Let r be b(14). Suppose -6*g + r + 90 = 0. What is the highest common divisor of 9 and g?
3
Let i be ((-2)/6)/((-105823)/10578 + 10). Calculate the greatest common factor of 1722 and i.
82
Suppose -12*u + 11*u + 23 = 4. Calculate the highest common divisor of 5263 and u.
19
Let t(q) = -7*q + 33. Let k be t(9). Let s be (-4)/5 - 534/k. Calculate the highest common divisor of 4 and s.
1
Let l(n) be the second derivative of -4*n + 1/6*n**4 + 2*n**2 + 0 + 1/2*n**3. Let j be l(-5). What is the greatest common factor of 26 and j?
13
Let v(m) = 6*m**2 + 26*m**3 + 2*m**2 - 12*m**3 + 3 - 11*m**3. Let w be v(4). What is the highest common divisor of w and 17?
17
Let q = -145 + 629. Let j = 1132 - 1088. Calculate the greatest common factor of j and q.
44
Let h = -99 - -204. Let d = 193 - h. Let k(n) = 2*n - 14. Let c be k(11). What is the highest common factor of c and d?
8
Let v be (748/51)/((-2)/3). Let i be -17 - ((-4)/v + (-279)/(-99)). Let n = i - -36. Calculate the greatest common divisor of n and 128.
16
Suppose -3*m = -0*m - 4*d + 43, -3*m - 2*d - 19 = 0. Let u = -5 - m. Suppose -4539 - 3554 = -446*q + 11531. Calculate the greatest common factor of q and u.
4
Let z(o) = -o**2 + 144*o - 483. Let y be z(125). Calculate the highest common factor of y and 1548.
172
Let h(t) = 60*t + 513. Let a be h(47). What is the highest common factor of 33 and a?
33
Suppose -5816 + 272 = -11*v. Calculate the highest common divisor of v and 2128.
56
Let v = -12799 - -12870. Calculate the greatest common factor of 4 and v.
1
Suppose -2*f - 2458 - 1304 = -2*l, -5*f = -4*l + 7530. What is the greatest common factor of 225 and l?
75
Let o be (4/6 - 0) + (-14)/(-42). Let r(w) = 333*w + 3. Let u be r(o). Suppose 2*j = -4*j + u. Calculate the greatest common factor of 7 and j.
7
Let l = 28 + -32. Let w be (-3)/(-3) + l - (-160)/5. Let v = 755 - 436. Calculate the highest common divisor of v and w.
29
Let m = 91 + -55. Let o be (-3)/((-9)/6) - -16. Let v(s) = s**2 - 17*s - 9. Let g be v(o). What is the greatest common factor of m and g?
9
Let m be -5 + 4 + 10 + 0. Suppose m*v = 74 - 2. What is the greatest common factor of 24 and v?
8
Let d = 4 - -14. Suppose 16 = -2*w - 5*k - 0*k, 0 = -3*k - 12. Suppose -p = -w*v - 16, 5*p + 7*v - 2*v - 5 = 0. Calculate the greatest common factor of d and p.
6
Let y = -40 + 61. Suppose -y = -4*u + 7. Suppose -5*s - 2*i + 8 = 1, 4*s + 3*i - u = 0. What is the highest common divisor of 2 and s?
1
Let g = 1033 + -703. Let q(h) = 290*h + 2966. Let c be q(-10). What is the highest common factor of c and g?
66
Let p(m) be the first derivative of -4*m**3/3 + m**2/2 + 276*m - 21. Let z be p(0). Suppose -21 - z = -g. What is the highest common factor of 33 and g?
33
Suppose -2*x + 277 = -u, 0*u - 3*u + 2*x = 835. Let o = u + 295. Let g(f) = 7*f**2 + 1. Let q be g(-1). What is the highest common factor of q and o?
8
Let j(y) be the second derivative of -y**4/4 - 5*y**3/2 - y**2/2 + 12*y. Let m = -43 - -39. Let l be j(m). Calculate the highest common factor of 44 and l.
11
Let s = 1734 + 5447. Calculate the greatest common factor of s and 43.
43
Suppose -h + 3*q + 194 = 0, h - 83*q = -82*q + 200. What is the highest common divisor of 116 and h?
29
Let n be 2/9 - 1072333/(-927). What is the greatest common factor of n and 623?
89
Let i(l) = -63*l + 204. Let t be i(3). What is the highest common factor of t and 24885?
15
Let v be (-16)/10*(1 - 6). Let z(w) = 9*w**2 + 7*w + 12. Let r(k) = 4*k - 31. Let j be r(7). Let t be z(j). Calculate the highest common divisor of t and v.
8
Let u = -245 + -198. Let i = 611 + u. What is the highest common divisor of i and 21?
21
Let t be -4*26*3/(-8). Suppose 5 = 4*j - y - t, 5*y = -j - 10. Let a be (-29)/(174/(-36))*(-1)/((-6)/4). What is the highest common factor of j and a?
2
Suppose 25*a - 3*x = 21*a + 1655, 5*a + x = 2064. Calculate the greatest common divisor of 14 and a.
7
Suppose -7 - 98 = -15*p. Calculate the highest common divisor of p and 329.
7
Let p be ((-2)/((-12)/(-30)) + 5)/2. Suppose 8*l = -5*g + 6*l + 933, -4*l - 4 = p. What is the highest common divisor of 68 and g?
17
Let j(r) = 145*r + 136*r - 282*r - 29. Let n be j(-41). Calculate the highest common factor of n and 8.
4
Suppose 5*p = -2*w + 2208, -382 - 482 = -2*p + 4*w. Suppose 2*n = 7*n - p. Let r = 100 - n. Calculate the highest common divisor of r and 84.
12
Suppose 0 = -2*z - f + 148, 3*f + 204 = -16*z + 19*z. Let g be (1 - 2)*(10 - 19). What is the highest common factor of z and g?
9
Let s(i) = -i**2 + 46*i + 32. Let x be s(46). What is the highest common divisor of x and 1136?
16
Suppose -10*r = -16*r. Suppose r = 3*n + 3*f - 111, -45 - 87 = -3*n + 4*f. Suppose -3*m + 9 = -6. Calculate the greatest common factor of n and m.
5
Let v be (-14)/203 + -23*424/(-116). What is the highest common factor of v and 2316?
12
Let a(x) = -x**2 + 11*x + 6. Suppose 6 + 30 = 3*m. Let o be a(m). Let n be (8/(-3))/2 - 92/o. Calculate the highest common factor of n and 70.
14
Suppose 0 = -1061*j + 1064*j + 5*l - 3168, -4*j + 4288 = -4*l. Suppose 2*h + 35 = t - h, -3*t + 72 = 2*h. Calculate the highest common factor of t and j.
26
Suppose 43*t - 41*t = 30. Suppose -4*x + 61 = -x - j, -x = 5*j - t. Let p be 250/(-4)*(-20)/25. Calculate the highest common factor of x and p.
10
Let a = 26 + 118. Let i be 70/(-21)*a/15. Let h = -30 - i. What is the greatest common divisor of h and 22?
2
Let k = -2974 + 4174. Calculate